l - 64. Let g be s(-12). Let w be (4/(-5))/((-6)/495). Calculate the greatest common factor of w and g.
22
Let i be (1917/(-355))/((-1)/5). What is the greatest common divisor of 9 and i?
9
Let b(t) = -t**3 - 11*t**2 - 23*t - 37. Let y be b(-9). What is the highest common divisor of 24 and y?
8
Suppose -6*d + 2285 + 325 = 0. Calculate the highest common divisor of d and 15.
15
Let p(f) = -8*f - 5*f**2 + 2*f**2 - 1 - 11 + 2*f**2. Let j be p(-4). Calculate the greatest common factor of 16 and j.
4
Suppose -4*w + 2*p + 32 = 0, -29 = -3*w - 5*p - 70. Let q = -5 + 7. What is the greatest common factor of w and q?
1
Let p(v) = -v**3 + 6*v**2 + 9*v - 5. Let g be p(6). Let l = g - 40. Let j(a) = -22*a - 3. Let s be j(-3). Calculate the highest common divisor of s and l.
9
Suppose 4*o - 3*j = 111, -185 = -5*o - 5*j - 20. Calculate the highest common divisor of 1065 and o.
15
Let w = -100 + 88. Let o be (-1 - w) + (-4)/(-2). Let c be (-1 + 79)/((-3)/(-4)). Calculate the greatest common factor of o and c.
13
Let q be 1 - 2/(4/38). Suppose 3*k - 165 = -2*k. Let v = k + q. What is the highest common divisor of 30 and v?
15
Suppose 7*l - 2*l - 525 = 0. Suppose -13 = -6*k + 77. Calculate the greatest common divisor of l and k.
15
Let o = 73 - 73. Suppose -4*y + o*y + 432 = 0. Let i be (-4)/(-3)*9*1. What is the highest common divisor of i and y?
12
Suppose -q + 4 = 2. Let u(l) = 4*l - 40. Let z be u(-6). Let h = -61 - z. Calculate the highest common factor of h and q.
1
Suppose -3*u = 2*u - 45. Let o(c) = c + 11. Let t be o(-8). Suppose 6*s = t*s + u. What is the greatest common divisor of 12 and s?
3
Let t = 26 + -51. Let x be ((-30)/t)/((-9)/(-390)). What is the highest common factor of 26 and x?
26
Suppose 534 = 2*o - 4*i, 4*o - 3*o - 3*i - 268 = 0. Suppose 5*j + v - o = -4*v, -4*j + 208 = 3*v. Calculate the highest common divisor of 7 and j.
7
Let h = 1140 - 1112. What is the greatest common divisor of 77 and h?
7
Let w be ((-1)/2)/(21/(-11088)). Calculate the greatest common factor of 72 and w.
24
Let t = -22 + 3. Let c = -13 - t. Let h(k) = -8*k - 1. Let j be h(-2). What is the greatest common factor of c and j?
3
Suppose 0 = -k + 3*g - 8*g + 21, -5*k = -2*g + 3. Suppose -2*w = -3*w - k. Let z be w/(-1)*(6 + 4). What is the greatest common factor of z and 5?
5
Let t(h) = 15*h**3 - h**2 - h. Let r be t(-1). Let c = -18 - r. Let f be -3 + 30 + c + 0. What is the highest common factor of 72 and f?
24
Let t(w) = 136*w**2 - 2*w + 1. Let v be t(1). Let g = 10 - 7. Let j be -1*(g - 11/((-11)/(-18))). What is the highest common factor of v and j?
15
Suppose -224 = -2*c - 2*t, 7*c + 3*t - 112 = 6*c. Calculate the greatest common factor of 70 and c.
14
Let d(m) = -12*m + 2. Let k be d(0). Calculate the highest common factor of k and 58.
2
Let f = 0 + 3. Let t = 5 + f. Let a = -42 - -82. Calculate the highest common factor of a and t.
8
Let c be 558/30 + 9/(-15). Let y = 33 + -15. What is the greatest common factor of y and c?
18
Let j(c) = 2*c**2 - 10*c + 10. Let g be j(4). What is the highest common divisor of 26 and g?
2
Let q be ((-224)/140)/((-4)/310). Calculate the greatest common factor of 93 and q.
31
Let j be (400/24)/(1/3*-2). Let a be (60/j)/(4/(-20)). Suppose -59 = 5*o + 2*p - 141, 12 = -3*p. What is the highest common factor of o and a?
6
Suppose 113 - 441 = -4*c. Suppose 0 = -4*w + c + 38. Calculate the highest common factor of w and 20.
10
Let j(d) = -d**3 - d + 1. Let i be j(-3). Let x = i + -31. Suppose -3*f - f + 4*w + 60 = 0, 5*f - 3*w - 81 = x. What is the highest common divisor of 72 and f?
18
Let h be (14/(-7))/(6/(-1377)). Calculate the highest common divisor of 27 and h.
27
Let w be (-7)/(28/552) - 1. Let h = 235 + w. Calculate the greatest common divisor of 12 and h.
12
Suppose 0 = 2*h + 4*a + 8, 0*h - 6 = 3*h + 4*a. Calculate the greatest common divisor of 3 and h.
1
Let z = -50 + 92. Let m = z + -29. Let t = 39 - m. What is the highest common divisor of 65 and t?
13
Suppose -8*l = -23*l + 1200. Calculate the greatest common divisor of l and 6320.
80
Let h(s) = s + 30. Let v(o) = -2. Let d(r) = 4*h(r) + 36*v(r). Let p be d(-9). What is the greatest common factor of 36 and p?
12
Let r be (-6)/(-27) + (-6)/27. Suppose f - 12 - 25 = r. Suppose -4*x + f = -579. Calculate the highest common divisor of 22 and x.
22
Let s(p) = 5*p**2 - 56*p + 283. Let t be s(5). What is the highest common factor of 2176 and t?
128
Let d = 119 + -114. Suppose 2*u = -2*u - d*i + 179, 5*i - 138 = -3*u. What is the greatest common divisor of 205 and u?
41
Let f = 12 - 9. Let x be f/(-2)*(-300)/45. What is the highest common factor of 40 and x?
10
Let v(j) = j**2 - 13*j. Let s be v(13). Suppose s = -0*o - o. Suppose 2*k = -2*r - o + 38, -r = -2*k + 38. Calculate the greatest common divisor of 171 and k.
19
Let r be (-19 - -1)/(1/(-2)). Let v(x) = -x**3 - 49*x**2 - 219*x + 98. Let n be v(-44). What is the highest common factor of n and r?
18
Let i be (1 - 3/2)/((-37)/1332). Let c be (2 - 26)*(-5)/4. What is the highest common factor of i and c?
6
Let l = -1169 - -1172. Calculate the greatest common factor of l and 384.
3
Suppose d = 6*d + 55. Let w(p) = -18*p + 186*p**2 - 99*p**2 - 11 - 88*p**2. Let x be w(d). Calculate the greatest common factor of x and 22.
22
Let q be (22/14 + -1)/(8/28). Let i be q/(-4) + (-36)/(-24). Suppose 2*d + r + 5 = 3*d, r - 7 = -5*d. What is the greatest common divisor of d and i?
1
Let p be -3 - (116/(-2) - (3 - 0)). What is the greatest common factor of 754 and p?
58
Let y(x) = -x**3 + 6*x**2 + 17*x + 22. Let o be y(8). What is the greatest common factor of o and 30?
30
Let v(l) = -5*l. Suppose 4*z - 20 = 40. Let j be (-5)/15 + z/(-9). Let k be v(j). Calculate the highest common divisor of 2 and k.
2
Let b(f) = -83*f + 91. Let u be b(-5). Calculate the greatest common factor of u and 55.
11
Let x(o) = 4*o + 183. Let l be x(-36). Calculate the highest common divisor of l and 130.
13
Suppose 33 = 5*r - b, 0 = -2*r + 3*b + b + 6. Suppose 0 = -s + 4*s - 105. Calculate the highest common divisor of s and r.
7
Suppose 3*b = 4*y + 127, 74 = 5*b - 3*y - 156. Let f = 3 + 0. Let p be 2/f*42/4. Calculate the greatest common factor of b and p.
7
Suppose -5*v + 26 = 16. Calculate the highest common divisor of 8 and v.
2
Let q = 47 + -47. Suppose 0*u + 3*u - 75 = q. Calculate the highest common factor of u and 275.
25
Suppose 45*y + 12 = 57*y. Calculate the highest common divisor of 45 and y.
1
Suppose 4*i + 3*x - 16 = 0, -5*i + 17 = -5*x - 3. Suppose -4*w - 2*u = -270, 0*w + 4*w = -i*u + 280. Calculate the highest common divisor of w and 5.
5
Let b be (-6 - (-8)/4) + -2. Let s(c) = c**3 + 8*c**2 - 4*c + 2. Let f be s(b). Suppose 2*a + 14 = 3*a. Calculate the greatest common divisor of a and f.
14
Let s = -47 - -17. Let d = 41 + s. Suppose d = -4*a + 123. What is the highest common divisor of 308 and a?
28
Let p = -48 + 475. What is the greatest common divisor of p and 7?
7
Let c = -1356 - -1488. Calculate the greatest common divisor of 1122 and c.
66
Suppose 0 = -5*d + 26*d - 651. What is the highest common factor of d and 496?
31
Suppose -360 = -4*p + 3*c, -5*p = -0*c + 2*c - 450. Calculate the highest common divisor of p and 405.
45
Suppose -10*w - 16 = -14*w. Let y be w*(0 + 18/4). What is the highest common divisor of y and 6?
6
Suppose -2*o - 4 = -80. Suppose u - 4*v = o + 59, 0 = 2*v + 6. Suppose u - 405 = -5*y. Calculate the highest common factor of 16 and y.
16
Let s(w) = 6*w**2 - 11*w + 2. Let i be s(6). What is the greatest common factor of 38 and i?
38
Let h be (-138)/12*(-2 + 0). Let a be (-8)/12 + h/3. What is the greatest common factor of a and 7?
7
Let v be 495/(-10)*100/(-6). Calculate the greatest common divisor of 110 and v.
55
Suppose 0 = -19*g + 20 + 18. Calculate the highest common divisor of g and 478.
2
Let r be (2 + (-309)/15)*20/(-6). Calculate the greatest common divisor of r and 217.
31
Let x = 116 + 10. What is the greatest common divisor of x and 98?
14
Suppose -3*l + 42 = -2*y, 3*y - 17 = -2*l - 2. Let s be (-1*(-180)/54)/((-10)/(-36)). Calculate the greatest common factor of s and l.
12
Suppose 0 = -40*p - 19*p + 1298. Calculate the greatest common factor of p and 54.
2
Let m = -26 - -29. Let h(j) = -3*j + 39. Let